e factors of h?
5
Suppose 10 = 5*d - 15. Suppose -98 = -5*q - d*p - 28, 4*q - 52 = -5*p. List the prime factors of (-44)/6*q/(-12).
11
Let l be (-1)/(-1 - (-18)/19). Let h = l + -16. Suppose -v + 4*j = 10, -v + 0*j + h*j = 5. What are the prime factors of v?
2, 5
Let r(y) = 9*y**2 - y. Let j be r(1). Suppose 0 = 5*o - 3*o - j. What are the prime factors of o*(-2 + 8) - -3?
3
Suppose -3*q = 3, -12*p + 9*p + q = -3835. What are the prime factors of p?
2, 3, 71
Let h(u) = 495*u + 1. What are the prime factors of h(2)?
991
Suppose -q + 17 = 4. Suppose q*i - 179 = 354. List the prime factors of i.
41
Suppose 0 = 4*t + 3 + 1. Let u(v) = -36*v**2 + 9*v + 2. Let i(y) = 18*y**2 - 4*y - 1. Let p(a) = 5*i(a) + 2*u(a). List the prime factors of p(t).
19
Let n(a) be the first derivative of 3*a**2 + 19*a - 4. What are the prime factors of n(9)?
73
Let a = -462 - -664. What are the prime factors of a?
2, 101
Suppose -10 = 2*t + 3*b, -25 = -5*t - b + 6*b. Let o = -4 + t. What are the prime factors of o/(-4) + 648/32?
3, 7
Suppose 5*i + 36 = -3*b, 3*b + 8 = -b. List the prime factors of 104/(3/((-45)/i)).
2, 5, 13
Suppose 63*s - 6 = 66*s. Let u(g) = -7*g**3 - 3*g**2 - 4*g - 2. What are the prime factors of u(s)?
2, 5
List the prime factors of (-3 - (-1 - 1))*1*-91.
7, 13
Let s = 44 - 36. What are the prime factors of 1/2 - (-628)/s?
79
Let b = 212 + 2617. What are the prime factors of b?
3, 23, 41
Let l be (-937 - 2)/3 - -3. Let u = -186 - l. Suppose -5*q = -u - 186. List the prime factors of q.
2, 31
Let u = -116 - -117. Let i(a) = -16*a**3 - 7*a**2 + 6. Let z(b) = b**3 - b**2 + 1. Let g(l) = -i(l) + 5*z(l). List the prime factors of g(u).
2, 11
What are the prime factors of (-24)/(-6) - 1 - -326*2?
5, 131
Let u be ((-3)/6)/((-6)/1020). Let p = -50 + u. List the prime factors of p.
5, 7
Let p be 2/(8/(-180)*-3). Suppose 4*m + p = -1. List the prime factors of (-234)/m - (-3)/2.
2, 3, 5
Let s(c) = 4*c + 2. Let r be s(-1). Let o be -4 + 36*(6 + r). Suppose -2*i = -3*p - o, 5*i - 4*p - 340 = p. What are the prime factors of i?
2
Let w(b) = -b**3 + 8*b**2 - 7*b - 18. List the prime factors of w(-8).
2, 3, 59
Suppose -3*k + 4*k = -128. List the prime factors of (0 - (-46)/(-8))/(16/k).
2, 23
Suppose 1087 = -16*x + 58863. What are the prime factors of x?
23, 157
Let j be (-48)/(-9) + (-2)/6. Suppose -2*x + 10 = 0, 3*d + 5*x = -d + 33. Suppose 3*s - 22 = -0*s + g, d*g = -j*s + 44. What are the prime factors of s?
2
Suppose 8*w = 3*w + 10. Suppose 0 = -3*c + c + w. What are the prime factors of 20 + c/2*-2?
19
Suppose 3*l - t + 2*t = 20, 3*l = 4*t - 5. List the prime factors of (-2)/((-20)/2378) - (-1)/l.
2, 7, 17
Suppose -6*x - 6 + 18 = 0. Suppose -l + x*l - 217 = 0. List the prime factors of l.
7, 31
Suppose a - 3*w = -4*a - 773, 0 = w + 4. Let u = 283 + a. List the prime factors of u.
2, 3, 7
Let p(f) = f + 4. Let y be p(-2). What are the prime factors of 12 + (2 - 2)/((-4)/y)?
2, 3
Let u be (-3 - (1 - 1)) + 8. Suppose u*p - 4 = 16. Suppose p*l - 5*j - 90 + 27 = 0, 0 = 4*l - j - 83. What are the prime factors of l?
2, 11
Suppose 40*w - 9040 = 17520. What are the prime factors of w?
2, 83
Suppose s + 6 = -2*s. Let f be (120/18)/(s/21). What are the prime factors of (0/(-2))/(-1) - f?
2, 5, 7
Let z = 28 - 17. Suppose 3*j - d = z - 0, -2*j + 2*d + 14 = 0. Suppose s - 4*o - 24 = 0, j*o + o = 2*s - 28. What are the prime factors of s?
2
Let k = -279 - -1047. Let j be (-6)/(-33) + k/11. What are the prime factors of (0 - 14)*(-180)/j?
2, 3
Let g(l) = -l**3 + 12*l**2 - 10*l - 4. Let f be g(10). Suppose -q = -3*q + f. List the prime factors of q.
2, 3
Suppose k - 328 = y + 3*y, 2*k - 3*y = 631. What are the prime factors of k?
2, 7, 11
Let r(u) = 223*u. Let q be r(1). Suppose -5*y + q = -37. List the prime factors of y.
2, 13
Let w(a) = 2*a**2 - a. Let y be w(9). Let b = y - 78. What are the prime factors of b?
3, 5
Suppose j - s = 4*s - 9, -4*s = -3*j + 17. Suppose -j*z + 878 + 519 = 0. List the prime factors of z.
127
Let v(f) = 3*f**2 + 2*f + 2. Let u be v(-1). Suppose -4*q - 5*m - u + 1 = 0, 0 = -5*q - m - 13. List the prime factors of -4 - ((-387)/q)/(-3).
3, 13
Let c = 64 + -52. Suppose -y + 18 = 2*y. List the prime factors of (-116)/y*c/(-8).
29
Suppose 2590 = 5*a - 6*n + 3*n, -5*n + 546 = a. List the prime factors of a.
521
Suppose -26 = -t + 3*k, 2*k = -0 - 8. Let j = t - 6. Suppose d = 2*o - j - 8, 4*o = 3*d + 34. What are the prime factors of o?
7
Let m(f) = -3*f**3 + f**2 - 3*f - 3. Let d be (-7 + 8)/(1/4). Suppose 20*g - d = 22*g. What are the prime factors of m(g)?
31
Let w(v) = -3*v + 16. Let r be w(4). Let z(s) = s**2 - 9. What are the prime factors of z(r)?
7
What are the prime factors of 893 + (9/3)/((-27)/(-45))?
2, 449
Let u(k) = -k + 1. Let p be u(7). Let x(l) = l + 11. Let f be x(p). Suppose -4*j + 48 = -2*j - f*i, 0 = 2*i. List the prime factors of j.
2, 3
Let l = -1047 - -1854. List the prime factors of l.
3, 269
List the prime factors of (-132)/462 + 219/7.
31
Suppose -2*w + 15 = 5*l + 3*w, -5*w + 15 = l. Suppose -7*s - 656 + 2147 = l. Suppose -3*y + s = -24. List the prime factors of y.
79
Let b(i) be the first derivative of i**2/2 - 5*i - 3. Let z be b(8). Suppose 26 - 2 = z*d. List the prime factors of d.
2
Suppose 5*x - 30 = 15. Let n = 6 - x. What are the prime factors of (-264)/(-21) - n/7?
13
Suppose -4*m = g + 2*g - 3109, 3*m + g - 2338 = 0. List the prime factors of m.
11, 71
Suppose -z + 20 = 4*z. Suppose -4*j - c + 252 = -j, -336 = -4*j + z*c. Suppose 3*k = j + 60. List the prime factors of k.
2, 3
Let y = 3845 + -1739. What are the prime factors of y?
2, 3, 13
Let n(y) = -7*y - 10. Let q be n(5). List the prime factors of 291*-5*6/q.
2, 97
Suppose -26*y + 10027 = -4533. What are the prime factors of y?
2, 5, 7
Let b(a) = -a**2 + 4*a - 3. Let i be b(4). Let q be (-1)/i + 10/6. Suppose f = 2*f + 3*w - 5, f = q*w + 15. List the prime factors of f.
11
Suppose 4*w = 32*w - 35280. What are the prime factors of w?
2, 3, 5, 7
Let q(v) = v**2 + 13*v + 11. Suppose 0 = d + 4*m + 9, -2*d - 15 = -3*d + 4*m. Suppose -2*p - 24 - 15 = d*b, 0 = 4*b - p + 52. List the prime factors of q(b).
11
Let o = -2937 - -4893. What are the prime factors of o?
2, 3, 163
Let p = -1 - -17. Let h = 91 - p. What are the prime factors of h/12*(3 + 1)?
5
Suppose -4 = 4*g - 44. Let m = 48 - g. List the prime factors of m.
2, 19
Suppose 5*g - 4*t - 311 = 0, -3*g - 4*t + 5*t + 181 = 0. List the prime factors of g.
59
Let x = -10 + 28. Let m be (-454)/(-10) + 8*(-24)/(-320). Suppose -2*f = x - m. List the prime factors of f.
2, 7
Suppose -q + 0*q - 4*s = 6, -5*q + s = -33. Let a(d) = -2*d. Let c be a(q). Let y = -6 - c. What are the prime factors of y?
2, 3
Suppose -2*z - 159 = 5*o + 208, -4*o - 316 = -4*z. Let w = o - -292. List the prime factors of w.
7, 31
Let b = 1324 - 946. List the prime factors of b.
2, 3, 7
Suppose d - 2*i = 750, -50*d + 46*d + 2993 = -i. List the prime factors of d.
2, 11, 17
Let r be 1/(-3) - 1/(-3). Suppose r = -5*s + 4*s - 10. Let y(t) = -t**2 - 11*t - 3. List the prime factors of y(s).
7
Suppose -16644 - 36372 = -24*j. What are the prime factors of j?
47
Let s(c) = c**3 + 7*c**2 + c. Let t be s(-6). Suppose 3*v = v + t. List the prime factors of (-6)/15 + 366/v.
2, 3
Let i = 23 + -21. Suppose -i*d + 5*d = 177. List the prime factors of d.
59
Suppose 0 = -4*o + m + 4*m - 56, 0 = o - m + 14. List the prime factors of ((-900)/70)/(3/o).
2, 3, 5
Suppose 7 = -3*m + 19. List the prime factors of 161 + (-12)/3 + m.
7, 23
Let h = 15 + -11. Suppose 5 = h*d - 3. Suppose 4*l - 37 - 5 = -d*z, -l = -3*z. List the prime factors of l.
3
Let n(t) be the second derivative of -t**3/3 - 5*t**2/2 + 11*t. Suppose -3*g - 17 - 1 = 0. List the prime factors of n(g).
7
Suppose 5*c + 2780 = 5*s, 3*c = 2*s + 5*c - 1128. List the prime factors of s.
2, 5, 7
Suppose l = -3*l + 36. Suppose 0 = -5*h + 2*h - l, 0 = w - h. What are the prime factors of w + -3*32/(-12)?
5
Suppose 22043 = 5*t - 12*c + 9*c, -3*t + 13241 = 2*c. List the prime factors of t.
11, 401
Suppose -565*j = -585*j + 49680. List the prime factors of j.
2, 3, 23
Let n(a) = -a**2 + 472. List the prime factors of n(0).
2, 59
Suppose k + 2*x = -k, k - x - 6 = 0. Suppose 0 = b - 4*s - 8, -4*b - k*s - 2 = 4. L